uppose -3*v + 165 = -5*h, -3*v + 57 + 117 = -2*h. Let o(i) = -i**3 + 12*i**2 + 15. Let a be o(12). Calculate the greatest common divisor of a and v.
15
Let q = -74 - -78. Let v(d) = d**2 - d - 2. Let f be v(q). What is the greatest common factor of 50 and f?
10
Suppose w - 12 = 9. Let h(f) = 4*f - 20*f**2 - 7 - 16*f**2 + 38*f**2. Let r be h(-7). Calculate the highest common divisor of r and w.
21
Let u be 1/(-6) + (-100)/(-24). Let i(q) = -q**3 + 3*q**2 + 5*q - 3. Let c be i(u). Let v be (-3)/(c + 2) - -2. What is the highest common divisor of v and 11?
1
Let c = 39 - 37. Calculate the greatest common factor of c and 166.
2
Suppose 152*y + 7328 = 381*y. Let j(o) = 8*o - 8. Let z be j(6). What is the highest common divisor of y and z?
8
Suppose 2*y - 5*h = -19 + 6, -5*y + 5*h = 10. Let u be (y/(20/(-96)))/((-2)/35). What is the greatest common divisor of u and 12?
12
Suppose 0 = 2*i - 2*n - 424 - 12, 5*i = -n + 1102. What is the highest common factor of i and 20?
20
Suppose -3 = 5*d + 2. Let c be (25 - d) + -2 + 4. What is the highest common divisor of 224 and c?
28
Suppose 4*r = -5*v - 2, -5*v - 15 = -5. Let d = 10 - 8. Let j be 99/6 - (-3)/d. What is the greatest common factor of r and j?
2
Suppose -11*g + 14*g - 3903 = -3*u, u - 1317 = 3*g. Calculate the greatest common factor of 45 and u.
45
Suppose 2*z + 5*a = 6*a + 38, 2*z - 44 = -2*a. Let h be 4/1 - 15/(90/(-24)). Calculate the greatest common divisor of h and z.
4
Let w(v) = -110*v - 269. Let u be w(-6). What is the greatest common factor of u and 17?
17
Let i(r) = 6*r - 10. Let n be i(2). Suppose 0 = 3*s + n*s - 75. Calculate the greatest common divisor of 15 and s.
15
Let d(p) = -5*p**3 - 23*p**2 + 8*p + 4. Let m be d(-5). What is the highest common factor of m and 112?
14
Suppose 0 = u - 2*l - 20, u + 0*l + 2*l = 0. Suppose -u*s + 289 = 19. Calculate the greatest common factor of s and 3.
3
Suppose 0 = -5*s + n - 103 + 308, 2*s - 2*n = 90. Let c = 220 + -120. What is the greatest common factor of c and s?
20
Let h(l) = 25*l + 1. Let m be h(2). Let s be 16/(-7) - -2 - 960/(-28). What is the highest common divisor of s and m?
17
Suppose z + 3*z - 288 = 0. Let h = 5862 - 5854. Calculate the greatest common divisor of h and z.
8
Let u(z) = -4*z**3 - 36*z**2 + 2*z + 30. Let b be u(-9). Let a be ((-5)/3)/(1/(-18)). Calculate the greatest common divisor of a and b.
6
Suppose -k + 5*g = -36, 4*k + 4*g - 34 = 14. Calculate the highest common divisor of 104 and k.
8
Let z(t) = -t**2 - 3*t + 15. Let i be z(0). Let v be (i*1)/(18/252). What is the highest common divisor of v and 42?
42
Let j(s) = 2*s**2 + 20*s - 11. Let o be j(-11). What is the greatest common divisor of 11 and o?
11
Suppose 0 = 18*u - 13*u - 95. What is the highest common divisor of 1 and u?
1
Suppose -57 - 55 = -8*m. What is the highest common divisor of m and 8?
2
Let a = 77 + -80. Let p be (-6832)/(-84) - (-1)/a. Calculate the highest common divisor of 9 and p.
9
Let q = -129 - -133. Suppose 4 + 8 = q*p. Calculate the greatest common factor of 48 and p.
3
Let x be ((-3)/5)/((-2)/(-10)). Let s(h) = -h - 3. Let v be s(x). Suppose v = -4*d + d + 30. Calculate the highest common factor of 15 and d.
5
Suppose q = 14*q - 1924. Calculate the greatest common factor of 1258 and q.
74
Let t be (-27951)/(-165) + (-3)/(-5). What is the greatest common divisor of t and 102?
34
Let h be (12/8)/(6/224). Let f = 24 - 20. Suppose -f*j - 11 = -t, 4*j = -5*t + 30 + 1. Calculate the highest common factor of t and h.
7
Let z be ((-3)/3)/(1/(-36)). Suppose 2*k - 84 = 3*q, 3*k - 2*q = q + 120. What is the highest common factor of z and k?
36
Suppose 0 = -a - 2. Let c be 3/((2 - a)*(-12)/(-2240)). What is the greatest common divisor of 20 and c?
20
Let p = 185 + -120. Calculate the highest common divisor of 130 and p.
65
Let k = -173 + 169. Let s be (-2 - k) + (-30)/(-3). Calculate the highest common divisor of s and 24.
12
Suppose 4*b - b = 30. Suppose 10*k - 192 = 6*k. Let c = 53 - k. What is the greatest common factor of b and c?
5
Suppose -4*g + 30 - 6 = 0. What is the highest common factor of 9 and g?
3
Let h be ((-1251)/(-695))/((-1)/(-945)). What is the highest common factor of 63 and h?
63
Let y(z) = -8*z + 6. Let w be y(1). Let q be w/5 - (-681)/15. Suppose -5*f = -3*j - 0*j + 30, -f = 2*j - 7. Calculate the greatest common factor of j and q.
5
Suppose 2*s + 3*a = 49 + 78, -9 = 3*a. Suppose -s = -3*i + 67. Let n = -4 + 13. Calculate the highest common factor of i and n.
9
Suppose j = 3*z - 252, -2*j + 168 = -3*z + 5*z. Calculate the greatest common factor of z and 60.
12
Suppose 2*t + 412 = 3*t + 4*x, 3*t = 4*x + 1252. What is the highest common divisor of 13 and t?
13
Let v be 3/9 - 428/(-12). Suppose -5*y - 5*j = -2*y + 13, 4*y = -3*j + 1. What is the greatest common divisor of y and v?
4
Let g(c) = -19*c + 27. Let s be g(-7). Let m(t) = -t**2 - 4*t + 7. Let i be m(-5). Suppose -i*w = -5*w + 48. What is the greatest common factor of s and w?
16
Let g = -82 - -84. Let q(m) = 3*m**3 - 2*m**3 + 0*m + 2*m**2 + m. Let f be q(g). Calculate the greatest common factor of 6 and f.
6
Let s(x) = 2*x + 45. Let f be s(21). Calculate the highest common divisor of 3 and f.
3
Let b = 17 + -26. Let q(i) = i + 16. Let m be q(b). Let f be m + (-2 - -8)/(-2). Calculate the highest common divisor of 8 and f.
4
Let s = -197 + 344. Let k be 4/(-6) + 455/21. What is the highest common divisor of s and k?
21
Let b be (2 + 3)*(-308)/(-10). Let o(y) = -y**2 - 13*y - 8. Let x be o(-11). Calculate the greatest common divisor of x and b.
14
Let v(f) = f**3 - 3*f**2 + f + 1. Let h be v(3). Let k be h - (1 - (-3 + 6)). Calculate the greatest common factor of 3 and k.
3
Let k = -38 + 270. Suppose -m - 2*m = -87. Calculate the greatest common divisor of m and k.
29
Let x be 3 - (412/5)/((-18)/45). Calculate the greatest common divisor of x and 95.
19
Let z(f) = -f**3 - 3*f**2 + f - 4. Let j be z(-4). Let t(q) = q**2 - 3*q - 26. Let a be t(j). Calculate the greatest common divisor of a and 98.
14
Let w = -78 + 1. Let g = -37 - w. Suppose -39 = -3*y + 3*n, -n - 58 = -4*y + n. Calculate the greatest common factor of y and g.
8
Suppose 3*k + 3*m = 2*m + 39, 61 = 5*k + 3*m. Suppose -3*n + 103 = -2. What is the greatest common divisor of k and n?
7
Let a be (130/(-25))/((-2)/(-5))*-1. Calculate the highest common divisor of a and 3.
1
Suppose 0 = 4*f + 4, -5*f = -y + 6*y - 5. Calculate the highest common divisor of y and 58.
2
Suppose 2*g + 0*g - 40 = 0. Calculate the greatest common factor of g and 320.
20
Let y be (-4464)/(-93) + (-3 - (0 + 1)). Let f be 1044/48 - (3/4 - 1). Calculate the highest common factor of f and y.
22
Suppose q - 376 = 3*p, -5*q = 9*p - 12*p - 1916. What is the greatest common factor of 55 and q?
55
Let r = -13 + 19. Suppose 0 = 3*o - 5*i - 18 - 16, -r = 3*i. Let f be 29*1 + (-16)/o. Calculate the greatest common divisor of 3 and f.
3
Let z(b) = -b**2 - 9*b - 14. Let m be z(-6). Suppose 3*d = -7*r + 4*r + 708, m*d - 20 = 0. What is the highest common factor of r and 33?
33
Suppose 2*v + 3*m = 41 + 72, -4*m - 51 = -v. Calculate the greatest common factor of 11 and v.
11
Let o be 35/3 + 4/3. Suppose -2*s + 216 = s. Suppose -5*j = -383 - s. What is the greatest common divisor of j and o?
13
Let h(z) = -z - 9. Let o be h(-13). Suppose -3*g = 4*y - 128, 2*g - o*y + 48 = 3*g. What is the greatest common factor of g and 30?
10
Let g be (-10441)/(-106) + (-1)/(-2). Calculate the greatest common factor of 363 and g.
33
Let z(l) = -3*l**3 + 7*l**2 + 7*l - 2. Let o be z(-5). Calculate the highest common divisor of o and 19.
19
Suppose 27 = 4*d - d. Suppose d = 5*l - 11. Suppose -109 = -5*q + b - 0*b, 2*b - 90 = -l*q. Calculate the highest common divisor of 11 and q.
11
Suppose 8 - 31 = -v. Calculate the highest common factor of 299 and v.
23
Let t be (-42)/70*(-6 + 1). Suppose 0*a + 5*a = 0. Suppose k - 1 - 2 = a. Calculate the highest common factor of t and k.
3
Suppose -46 = -2*j - 4*s, 0 = -j + s + 18 + 11. Let m = 0 + j. What is the highest common divisor of m and 18?
9
Suppose w + 1 = 2*x - 2, -4*w = x + 30. Let o = w - -8. Suppose 2*u - u + 9 = 3*f, f + o = u. Calculate the greatest common divisor of 6 and u.
6
Let z = 242 - 134. What is the highest c